{"id":366,"date":"2018-05-30T11:04:11","date_gmt":"2018-05-30T09:04:11","guid":{"rendered":"https:\/\/www.tgs-spreitenbach.ch\/?page_id=366"},"modified":"2025-01-24T13:43:59","modified_gmt":"2025-01-24T11:43:59","slug":"aktuelles-3","status":"publish","type":"page","link":"https:\/\/www.tgs-spreitenbach.ch\/?page_id=366","title":{"rendered":"Geschichte"},"content":{"rendered":"<div class=\"wpb-content-wrapper\"><p>[vc_row dfd_bg_style=&#8221;image&#8221; dfd_bg_image_new=&#8221;392&#8243; dfd_bg_image_repeat=&#8221;no-repeat&#8221; dfd_bg_img_attach=&#8221;fixed&#8221; dfd_bg_image_new_responsive=&#8221;277&#8243; dfd_row_responsive_enable=&#8221;dfd-row-responsive-enable&#8221;][vc_column][vc_row_inner][vc_column_inner][dfd_spacer screen_wide_spacer_size=&#8221;100&#8243; screen_normal_resolution=&#8221;1024&#8243; screen_tablet_resolution=&#8221;800&#8243; screen_mobile_resolution=&#8221;480&#8243;][\/vc_column_inner][\/vc_row_inner][dfd_heading subtitle=&#8221;&#8221; content_alignment=&#8221;text-left&#8221; delimiter_settings=&#8221;delimiter_style:solid|delimiter_width:210|delimiter_height:3|delimiter_color:%23d30e00&#8243; delimiter_margin=&#8221;margin-bottom:10&#8243; undefined=&#8221;&#8221; title_font_options=&#8221;tag:h2&#8243; subtitle_font_options=&#8221;tag:div&#8221;]<\/p>\n<h1>Geschichte<\/h1>\n<p>[\/dfd_heading][vc_row_inner][vc_column_inner][dfd_spacer screen_wide_spacer_size=&#8221;10&#8243; screen_normal_resolution=&#8221;1024&#8243; screen_tablet_resolution=&#8221;800&#8243; screen_mobile_resolution=&#8221;480&#8243;][dfd_spacer screen_wide_spacer_size=&#8221;10&#8243; screen_normal_resolution=&#8221;1024&#8243; screen_tablet_resolution=&#8221;800&#8243; screen_mobile_resolution=&#8221;480&#8243;][vc_column_text item_animation=&#8221;transition.fadeIn&#8221;]Am 3. M\u00e4rz 1956 trafen sich einige Theaterverr\u00fcckte (Marthe Baumann, Edgar Fischer, Jakob Hirzel, Josef Kottmann, Karl Merkli, Oskar R\u00f6\u00f6sli, Ruth Markwlder und Max Wiederkehr) zur Gr\u00fcndungsversammlung der heutigen TGS.<\/p>\n<p><span class=\"Apple-converted-space\">\u00a0<\/span>&#8220;Via Mala&#8221; hiess das erste St\u00fcck und wurde im legend\u00e4ren Sternensaal aufgef\u00fchrt. Anfangs wurden verschiedene St\u00fccke wie zum Bsp. &#8220;Em Vater sis R\u00e4cht&#8221;, &#8220;Die letschti Gotthardposcht&#8221;, &#8220;S Chorber Liseli&#8221;, &#8220;De Schmid vo Andermatt&#8221; und viele andere gespielt. Schon damals genoss die TGS einen guten Ruf in Spreitenbach und Umgebung.<\/p>\n<p><span class=\"Apple-converted-space\">\u00a0<\/span>Einzig im Jahre 1965 konnte kein Theater aufgef\u00fchrt werden, wegen der Maul- und Klauenseuche. 1968 wurde erstmals ein Lustspiel aufgef\u00fchrt, weil man so das Publikum zur\u00fcck ins Theater und vom Alltag etwas erl\u00f6sen wollte. Einige Male durfte die TGS auch in verschiedenen Orten der Umgebung Gastspiele geben, zum Beispiel mit dem 25 Jahre Jubilumsst\u00fcck &#8220;s&#8217;Verl\u00e4geheitschind&#8221; in Unterengstringen.<\/p>\n<p><span class=\"Apple-converted-space\">\u00a0<\/span>Der H\u00f6hepunkt allerdings war der zus\u00e4tzliche Auftritt im Bernhard Theater anl\u00e4sslich der 40 Jahrefeier. Da gelang der Theatergesellschaft, mit &#8220;Belinda&#8221; ein Superst\u00fcck aufzuf\u00fchren. Viele Mitglieder und damalige Zuschauer schw\u00e4rmen heute noch von diesem grossen Ereignis.<\/p>\n<p><span class=\"Apple-converted-space\">\u00a0<\/span>Seit der Gr\u00fcndung und bis zu seiner Pensionierung 1988 \u00fcbernahm Karl Merkli die Aufgabe des Regisseurs. Danach hatte die TGS das Gl\u00fcck, Ueli Hirzel f\u00fcr diesen wichtigen, anspruchsvollen und intensiven Part zu gewinnen.<\/p>\n<p><span class=\"Apple-converted-space\">\u00a0<\/span>Bereits schreiben wir das Jahr 2013. Noch immer sind wir Mitglieder, Spieler und Helfer mit vollem Elan, Freude, Teamgeist und Einsatz bei der Umsetzung&#8230; weiter Geschichte zu schreiben.<span class=\"Apple-converted-space\">\u00a0<\/span>[\/vc_column_text][\/vc_column_inner][\/vc_row_inner][dfd_spacer screen_wide_spacer_size=&#8221;20&#8243; screen_normal_resolution=&#8221;1024&#8243; screen_tablet_resolution=&#8221;800&#8243; screen_mobile_resolution=&#8221;480&#8243;][dfd_heading subtitle=&#8221;&#8221; content_alignment=&#8221;text-left&#8221; enable_delimiter=&#8221;&#8221; undefined=&#8221;&#8221; title_font_options=&#8221;tag:h4&#8243; subtitle_font_options=&#8221;tag:div&#8221;]<\/p>\n<h3>Theatergesellschaft Spreitenbach<\/h3>\n<p>[\/dfd_heading][dfd_spacer screen_wide_spacer_size=&#8221;20&#8243; screen_normal_resolution=&#8221;1024&#8243; screen_tablet_resolution=&#8221;800&#8243; screen_mobile_resolution=&#8221;480&#8243;][dfd_delimiter icon_size=&#8221;10&#8243; delimiter_height=&#8221;2&#8243; delimiter_border_style=&#8221;inset&#8221; module_animation=&#8221;transition.fadeIn&#8221; undefined=&#8221;&#8221; delim_line_color=&#8221;#ffffff&#8221; icon_color=&#8221;#ffffff&#8221;][dfd_spacer screen_wide_spacer_size=&#8221;50&#8243; screen_normal_resolution=&#8221;1024&#8243; screen_tablet_resolution=&#8221;800&#8243; screen_mobile_resolution=&#8221;480&#8243;][\/vc_column][\/vc_row]<\/p>\n<\/div>","protected":false},"excerpt":{"rendered":"<p>[vc_row dfd_bg_style=&#8221;image&#8221; dfd_bg_image_new=&#8221;392&#8243; dfd_bg_image_repeat=&#8221;no-repeat&#8221; dfd_bg_img_attach=&#8221;fixed&#8221; dfd_bg_image_new_responsive=&#8221;277&#8243; dfd_row_responsive_enable=&#8221;dfd-row-responsive-enable&#8221;][vc_column][vc_row_inner][vc_column_inner][dfd_spacer screen_wide_spacer_size=&#8221;100&#8243; screen_normal_resolution=&#8221;1024&#8243; screen_tablet_resolution=&#8221;800&#8243; screen_mobile_resolution=&#8221;480&#8243;][\/vc_column_inner][\/vc_row_inner][dfd_heading subtitle=&#8221;&#8221; content_alignment=&#8221;text-left&#8221; delimiter_settings=&#8221;delimiter_style:solid|delimiter_width:210|delimiter_height:3|delimiter_color:%23d30e00&#8243; delimiter_margin=&#8221;margin-bottom:10&#8243; undefined=&#8221;&#8221; title_font_options=&#8221;tag:h2&#8243; subtitle_font_options=&#8221;tag:div&#8221;] Geschichte [\/dfd_heading][vc_row_inner][vc_column_inner][dfd_spacer screen_wide_spacer_size=&#8221;10&#8243; screen_normal_resolution=&#8221;1024&#8243; screen_tablet_resolution=&#8221;800&#8243; screen_mobile_resolution=&#8221;480&#8243;][dfd_spacer screen_wide_spacer_size=&#8221;10&#8243; screen_normal_resolution=&#8221;1024&#8243; screen_tablet_resolution=&#8221;800&#8243; screen_mobile_resolution=&#8221;480&#8243;][vc_column_text item_animation=&#8221;transition.fadeIn&#8221;]Am 3.<\/p>\n","protected":false},"author":2,"featured_media":0,"parent":0,"menu_order":0,"comment_status":"closed","ping_status":"closed","template":"tmp-page.php","meta":{"footnotes":""},"class_list":["post-366","page","type-page","status-publish","hentry"],"_links":{"self":[{"href":"https:\/\/www.tgs-spreitenbach.ch\/index.php?rest_route=\/wp\/v2\/pages\/366","targetHints":{"allow":["GET"]}}],"collection":[{"href":"https:\/\/www.tgs-spreitenbach.ch\/index.php?rest_route=\/wp\/v2\/pages"}],"about":[{"href":"https:\/\/www.tgs-spreitenbach.ch\/index.php?rest_route=\/wp\/v2\/types\/page"}],"author":[{"embeddable":true,"href":"https:\/\/www.tgs-spreitenbach.ch\/index.php?rest_route=\/wp\/v2\/users\/2"}],"replies":[{"embeddable":true,"href":"https:\/\/www.tgs-spreitenbach.ch\/index.php?rest_route=%2Fwp%2Fv2%2Fcomments&post=366"}],"version-history":[{"count":7,"href":"https:\/\/www.tgs-spreitenbach.ch\/index.php?rest_route=\/wp\/v2\/pages\/366\/revisions"}],"predecessor-version":[{"id":1769,"href":"https:\/\/www.tgs-spreitenbach.ch\/index.php?rest_route=\/wp\/v2\/pages\/366\/revisions\/1769"}],"wp:attachment":[{"href":"https:\/\/www.tgs-spreitenbach.ch\/index.php?rest_route=%2Fwp%2Fv2%2Fmedia&parent=366"}],"curies":[{"name":"wp","href":"https:\/\/api.w.org\/{rel}","templated":true}]}}

<div class="wpb-content-wrapper"><p>[vc_row dfd_bg_style=&#8221;image&#8221; dfd_bg_image_new=&#8221;392&#8243; dfd_bg_image_repeat=&#8221;no-repeat&#8221; dfd_bg_img_attach=&#8221;fixed&#8221; dfd_bg_image_new_responsive=&#8221;277&#8243; dfd_row_responsive_enable=&#8221;dfd-row-responsive-enable&#8221;][vc_column][vc_row_inner][vc_column_inner][dfd_spacer screen_wide_spacer_size=&#8221;100&#8243; screen_normal_resolution=&#8221;1024&#8243; screen_tablet_resolution=&#8221;800&#8243; screen_mobile_resolution=&#8221;480&#8243;][/vc_column_inner][/vc_row_inner][dfd_heading subtitle=&#8221;&#8221; content_alignment=&#8221;text-left&#8221; delimiter_settings=&#8221;delimiter_style:solid|delimiter_width:210|delimiter_height:3|delimiter_color:%23d30e00&#8243; delimiter_margin=&#8221;margin-bottom:10&#8243; undefined=&#8221;&#8221; title_font_options=&#8221;tag:h2&#8243; subtitle_font_options=&#8221;tag:div&#8221;]</p>
<h1>Geschichte</h1>
<p>[/dfd_heading][vc_row_inner][vc_column_inner][dfd_spacer screen_wide_spacer_size=&#8221;10&#8243; screen_normal_resolution=&#8221;1024&#8243; screen_tablet_resolution=&#8221;800&#8243; screen_mobile_resolution=&#8221;480&#8243;][dfd_spacer screen_wide_spacer_size=&#8221;10&#8243; screen_normal_resolution=&#8221;1024&#8243; screen_tablet_resolution=&#8221;800&#8243; screen_mobile_resolution=&#8221;480&#8243;][vc_column_text item_animation=&#8221;transition.fadeIn&#8221;]Am 3. März 1956 trafen sich einige Theaterverrückte (Marthe Baumann, Edgar Fischer, Jakob Hirzel, Josef Kottmann, Karl Merkli, Oskar Röösli, Ruth Markwlder und Max Wiederkehr) zur Gründungsversammlung der heutigen TGS.</p>
<p><span class="Apple-converted-space"> </span>&#8220;Via Mala&#8221; hiess das erste Stück und wurde im legendären Sternensaal aufgeführt. Anfangs wurden verschiedene Stücke wie zum Bsp. &#8220;Em Vater sis Rächt&#8221;, &#8220;Die letschti Gotthardposcht&#8221;, &#8220;S Chorber Liseli&#8221;, &#8220;De Schmid vo Andermatt&#8221; und viele andere gespielt. Schon damals genoss die TGS einen guten Ruf in Spreitenbach und Umgebung.</p>
<p><span class="Apple-converted-space"> </span>Einzig im Jahre 1965 konnte kein Theater aufgeführt werden, wegen der Maul- und Klauenseuche. 1968 wurde erstmals ein Lustspiel aufgeführt, weil man so das Publikum zurück ins Theater und vom Alltag etwas erlösen wollte. Einige Male durfte die TGS auch in verschiedenen Orten der Umgebung Gastspiele geben, zum Beispiel mit dem 25 Jahre Jubilumsstück &#8220;s&#8217;Verlägeheitschind&#8221; in Unterengstringen.</p>
<p><span class="Apple-converted-space"> </span>Der Höhepunkt allerdings war der zusätzliche Auftritt im Bernhard Theater anlässlich der 40 Jahrefeier. Da gelang der Theatergesellschaft, mit &#8220;Belinda&#8221; ein Superstück aufzuführen. Viele Mitglieder und damalige Zuschauer schwärmen heute noch von diesem grossen Ereignis.</p>
<p><span class="Apple-converted-space"> </span>Seit der Gründung und bis zu seiner Pensionierung 1988 übernahm Karl Merkli die Aufgabe des Regisseurs. Danach hatte die TGS das Glück, Ueli Hirzel für diesen wichtigen, anspruchsvollen und intensiven Part zu gewinnen.</p>
<p><span class="Apple-converted-space"> </span>Bereits schreiben wir das Jahr 2013. Noch immer sind wir Mitglieder, Spieler und Helfer mit vollem Elan, Freude, Teamgeist und Einsatz bei der Umsetzung&#8230; weiter Geschichte zu schreiben.<span class="Apple-converted-space"> </span>[/vc_column_text][/vc_column_inner][/vc_row_inner][dfd_spacer screen_wide_spacer_size=&#8221;20&#8243; screen_normal_resolution=&#8221;1024&#8243; screen_tablet_resolution=&#8221;800&#8243; screen_mobile_resolution=&#8221;480&#8243;][dfd_heading subtitle=&#8221;&#8221; content_alignment=&#8221;text-left&#8221; enable_delimiter=&#8221;&#8221; undefined=&#8221;&#8221; title_font_options=&#8221;tag:h4&#8243; subtitle_font_options=&#8221;tag:div&#8221;]</p>
<h3>Theatergesellschaft Spreitenbach</h3>
<p>[/dfd_heading][dfd_spacer screen_wide_spacer_size=&#8221;20&#8243; screen_normal_resolution=&#8221;1024&#8243; screen_tablet_resolution=&#8221;800&#8243; screen_mobile_resolution=&#8221;480&#8243;][dfd_delimiter icon_size=&#8221;10&#8243; delimiter_height=&#8221;2&#8243; delimiter_border_style=&#8221;inset&#8221; module_animation=&#8221;transition.fadeIn&#8221; undefined=&#8221;&#8221; delim_line_color=&#8221;#ffffff&#8221; icon_color=&#8221;#ffffff&#8221;][dfd_spacer screen_wide_spacer_size=&#8221;50&#8243; screen_normal_resolution=&#8221;1024&#8243; screen_tablet_resolution=&#8221;800&#8243; screen_mobile_resolution=&#8221;480&#8243;][/vc_column][/vc_row]</p>
</div>
